the prime factors of 195764184.
2, 3, 7, 11, 35311
What are the prime factors of 581509231?
19, 30605749
List the prime factors of 2728499086.
2, 20479, 66617
What are the prime factors of 878233645?
5, 175646729
List the prime factors of 820488705.
3, 5, 54699247
List the prime factors of 63811854.
2, 3, 1181701
List the prime factors of 18806406.
2, 3, 73, 42937
List the prime factors of 405494278.
2, 7, 23, 1259299
What are the prime factors of 1669180419?
3, 19, 47, 107, 647
What are the prime factors of 488649233?
488649233
What are the prime factors of 4786221?
3, 11, 145037
What are the prime factors of 128724652?
2, 7, 23, 137, 1459
List the prime factors of 518099559.
3, 31, 197, 28279
List the prime factors of 113097528.
2, 3, 109, 14411
What are the prime factors of 145046375?
5, 1160371
List the prime factors of 157449222.
2, 3, 7, 827, 1511
List the prime factors of 22377511.
13, 1721347
List the prime factors of 154166395.
5, 43, 449, 1597
What are the prime factors of 324309764?
2, 1999, 40559
List the prime factors of 54934340.
2, 5, 2746717
What are the prime factors of 43934744?
2, 7, 79, 9931
What are the prime factors of 4995765?
3, 5, 19, 5843
What are the prime factors of 145446885?
3, 5, 31, 41, 2543
What are the prime factors of 4860393720?
2, 3, 5, 7, 13, 445091
What are the prime factors of 8175179033?
7, 53, 22035523
What are the prime factors of 128213984?
2, 4006687
What are the prime factors of 2604188282?
2, 17, 113, 521, 1301
List the prime factors of 2171611945.
5, 41, 10593229
What are the prime factors of 537503413?
67, 1373, 5843
What are the prime factors of 2785504823?
19, 89, 1647253
List the prime factors of 32786415.
3, 5, 827, 881
What are the prime factors of 653909725?
5, 7, 173, 21599
List the prime factors of 880155062.
2, 6269, 70199
List the prime factors of 88666227.
3, 13, 631, 1201
List the prime factors of 864709028.
2, 216177257
What are the prime factors of 274863733?
5693, 48281
List the prime factors of 5814041429.
7, 17, 2753, 17747
What are the prime factors of 25356269?
599, 42331
List the prime factors of 39945792.
2, 3, 37, 5623
What are the prime factors of 65226073?
11, 5929643
List the prime factors of 480053677.
19, 23, 43, 59, 433
What are the prime factors of 118232559?
3, 53, 311, 797
What are the prime factors of 1582415078?
2, 347, 6571
What are the prime factors of 3780327852?
2, 3, 7, 306149
What are the prime factors of 438600904?
2, 7, 7832159
List the prime factors of 244156648.
2, 61, 500321
What are the prime factors of 20795172?
2, 3, 31, 55901
What are the prime factors of 122708143?
751, 163393
What are the prime factors of 193874696?
2, 1601, 15137
What are the prime factors of 23513668?
2, 5878417
List the prime factors of 101342816.
2, 41, 77243
What are the prime factors of 47920320?
2, 3, 5, 7, 2377
What are the prime factors of 127435123?
127435123
What are the prime factors of 665500408?
2, 83187551
List the prime factors of 6128899940.
2, 5, 59, 5193983
What are the prime factors of 737632653?
3, 6073, 40487
List the prime factors of 41620907.
41620907
List the prime factors of 1535942238.
2, 3, 255990373
What are the prime factors of 257865561?
3, 28651729
List the prime factors of 2107892506.
2, 1053946253
List the prime factors of 20845095.
3, 5, 1389673
List the prime factors of 1767074015.
5, 7, 23, 313589
List the prime factors of 28685347.
23, 1247189
List the prime factors of 17015313.
3, 7, 810253
List the prime factors of 54744548.
2, 19, 53, 13591
List the prime factors of 7336076.
2, 11, 137, 1217
What are the prime factors of 44420203?
44420203
What are the prime factors of 114989549?
10093, 11393
What are the prime factors of 804039287?
71, 11324497
What are the prime factors of 799821373?
13, 89, 691289
List the prime factors of 5815787423.
5815787423
What are the prime factors of 1198493129?
181, 379, 17471
What are the prime factors of 82453627?
131, 629417
What are the prime factors of 261218696?
2, 32652337
List the prime factors of 408924139.
13, 31455703
What are the prime factors of 651623334?
2, 3, 108603889
List the prime factors of 139304747.
139304747
What are the prime factors of 527532044?
2, 13, 1201, 8447
List the prime factors of 2386355624.
2, 61, 1361, 3593
What are the prime factors of 3737159126?
2, 359, 5204957
List the prime factors of 18667896.
2, 3, 13, 59833
What are the prime factors of 271854137?
271854137
List the prime factors of 980059664.
2, 61253729
List the prime factors of 142306685.
5, 28461337
List the prime factors of 762850243.
762850243
What are the prime factors of 6252975487?
11, 19, 499, 59957
List the prime factors of 366237085.
5, 29, 83, 30431
What are the prime factors of 912661067?
19, 2528147
What are the prime factors of 6004383?
3, 7, 11, 17, 139
What are the prime factors of 53884708?
2, 241, 55897
What are the prime factors of 5958395?
5, 1191679
List the prime factors of 248382637.
71, 523, 6689
What are the prime factors of 647066819?
7, 92438117
What are the prime factors of 553265629?
7, 17, 4649291
What are the prime factors of 21437099?
21437099
What are the prime factors of 1629962659?
13, 125381743
List the prime factors of 3379496933.
29, 116534377
List the prime factors of 375382742.
2, 7, 26813053
List the prime factors of 764858175.
3, 5, 10198109
What are the prime factors of 129934005?
3, 5, 53, 353, 463
List the prime factors of 921288635.
5, 184257727
What are the prime factors of 277615126?
2, 2551, 54413
List the prime factors of 106281576.
2, 3, 73, 277
List the prime factors of 734802365.
5, 11, 1231, 10853
What are the prime factors of 5146780?
2, 5, 257339
What are the prime factors of 499266893?
3449, 144757
What are the prime factors of 108676463?
7, 45263
What are the prime factors of 72554783?
7, 10364969
List the prime factors of 39604894.
2, 7, 29, 97549
List the prime factors of 120588822.
2, 3, 31, 197, 1097
List the prime factors of 135350030.
2, 5, 31, 73, 5981
List the prime factors of 2003951105.
5, 13, 73, 107, 3947
List the prime factors of 173115361.
241, 718321
What are the prime factors of 248455597?
13, 2339, 8171
What are the prime factors of 1876944748?
2, 7, 67033741
What are the prime factors of 10883909?
79, 137771
What are the prime factors of 2754631115?
5, 19, 2311, 12547
What are the prime factors of 49603161?
3, 17, 972611
List the prime factors of 1898005829.
1303, 1456643
What are the prime factors of 22847282?
2, 107, 241, 443
List the prime factors of 823986339.
3, 11, 23, 43, 25247
What are the prime factors of 2697048086?
2, 1348524043
What are the prime factors of 17541212?
2, 13, 17, 19843
List the prime factors of 38660295.
3, 5, 17, 151609
What are the prime factors of 2703954799?
7, 13, 4244827
List the prime factors of 2940204479.
131, 22444309
List the prime factors of 10268780.
2, 5, 513439
List the prime factors of 46808712.
2, 3, 59, 3673
What are the prime factors of 33396167?
7, 19, 251099
What are the prime factors of 19007176?
2, 47, 50551
List the prime factors of 122624121.
3, 419, 97553
List the prime factors of 228829613.
1091, 209743
What are the prime factors of 13958126?
2, 7, 13, 271, 283
List the prime factors of 342003940.
2, 5, 43, 139, 2861
What are the prime factors of 78152895?
3, 5, 61, 71, 401
List the prime factors of 57496239.
3, 6388471
What are the prime factors of 389962058?
2, 73, 2670973
What are the prime factors of 46334340?
2, 3, 5, 13, 19801
List the prime factors of 431710802.
2, 215855401
List the prime factors of 135213513.
3, 173, 260527
What are the prime factors of 133732657?
133732657
List the prime factors of 130110767.
157, 828731
What are the prime factors of 932977625?
5, 1571, 4751
List the prime factors of 173825318.
2, 379, 229321
List the prime factors of 58680589.
11, 5334599
What are the prime factors of 105453936?
2, 3, 7, 233, 449
What are the prime factors of 372483596?
2, 93120899
What are the prime factors of 98359003?
98359003
What are the prime factors of 4643862376?
2, 41, 14158117
What are the prime factors of 42989762?
2, 21494881
List the prime factors of 50354190.
2, 3, 5, 283, 659
What are the prime factors of 1443671485?
5, 288734297
List the prime factors of 3